he highest common divisor of 240 and 45?
15
Calculate the highest common divisor of 60 and 165.
15
Calculate the highest common factor of 364 and 208.
52
What is the greatest common factor of 20 and 110?
10
Calculate the highest common divisor of 644 and 161.
161
What is the highest common factor of 3 and 264?
3
What is the highest common divisor of 77 and 2981?
11
What is the greatest common divisor of 832 and 26?
26
Calculate the highest common factor of 3 and 384.
3
What is the greatest common factor of 8 and 2456?
8
Calculate the greatest common divisor of 30 and 345.
15
Calculate the greatest common factor of 913 and 33.
11
What is the highest common divisor of 6 and 1116?
6
Calculate the greatest common factor of 48 and 4476.
12
What is the highest common factor of 1 and 24?
1
Calculate the greatest common factor of 1080 and 165.
15
Calculate the highest common divisor of 110 and 5632.
22
Calculate the highest common divisor of 156 and 1053.
39
Calculate the greatest common divisor of 16 and 240.
16
Calculate the greatest common divisor of 77 and 7.
7
Calculate the greatest common factor of 1113 and 2184.
21
Calculate the highest common divisor of 527 and 408.
17
What is the highest common divisor of 6408 and 72?
72
Calculate the highest common divisor of 27 and 1656.
9
What is the highest common divisor of 15 and 2515?
5
What is the greatest common divisor of 10 and 320?
10
Calculate the highest common factor of 30 and 4210.
10
Calculate the greatest common factor of 2 and 5884.
2
What is the highest common divisor of 168 and 10536?
24
What is the highest common divisor of 128 and 9952?
32
Calculate the highest common factor of 450 and 180.
90
Calculate the highest common divisor of 23 and 2461.
23
What is the highest common factor of 24 and 348?
12
What is the highest common factor of 408 and 850?
34
Calculate the highest common factor of 27 and 3.
3
What is the greatest common factor of 294 and 126?
42
Calculate the highest common divisor of 4 and 764.
4
Calculate the greatest common divisor of 30 and 1920.
30
Calculate the highest common divisor of 150 and 450.
150
What is the greatest common factor of 20 and 146?
2
Calculate the greatest common factor of 54 and 3969.
27
What is the highest common divisor of 480 and 880?
80
Calculate the greatest common divisor of 1323 and 153.
9
What is the highest common factor of 42 and 2562?
42
What is the greatest common divisor of 588 and 126?
42
Calculate the greatest common factor of 27 and 3.
3
Calculate the greatest common factor of 12 and 4764.
12
What is the highest common divisor of 42 and 3570?
42
What is the highest common divisor of 20 and 1588?
4
What is the highest common divisor of 629 and 1073?
37
What is the highest common factor of 76 and 19?
19
Calculate the greatest common divisor of 5256 and 24.
24
What is the highest common divisor of 420 and 588?
84
Calculate the highest common factor of 116 and 5.
1
What is the greatest common factor of 372 and 4743?
93
Calculate the highest common divisor of 15 and 40.
5
What is the greatest common divisor of 30 and 8240?
10
What is the highest common divisor of 176 and 288?
16
What is the greatest common factor of 1393 and 56?
7
What is the greatest common divisor of 16681 and 14?
7
Calculate the highest common divisor of 39806 and 26.
26
What is the greatest common divisor of 42 and 6069?
21
What is the greatest common factor of 4450 and 1350?
50
Calculate the highest common divisor of 119 and 7.
7
What is the highest common factor of 56 and 3584?
56
What is the greatest common factor of 308 and 847?
77
Calculate the greatest common divisor of 28 and 973.
7
What is the highest common factor of 396 and 144?
36
What is the highest common divisor of 2106 and 81?
81
Calculate the greatest common divisor of 156 and 4485.
39
Calculate the highest common divisor of 26796 and 88.
44
What is the greatest common divisor of 13 and 1313?
13
What is the highest common divisor of 732 and 132?
12
Calculate the greatest common divisor of 161 and 23989.
161
What is the greatest common divisor of 45 and 243?
9
Calculate the highest common factor of 10 and 38.
2
Calculate the greatest common factor of 864 and 3.
3
What is the greatest common divisor of 170 and 4590?
170
Calculate the greatest common factor of 24 and 3084.
12
Calculate the highest common factor of 22 and 22.
22
Calculate the greatest common factor of 3 and 5304.
3
What is the greatest common factor of 9763 and 13?
13
What is the highest common factor of 270 and 130?
10
Calculate the highest common divisor of 53 and 371.
53
What is the highest common divisor of 62 and 11377?
31
What is the highest common factor of 1372 and 14?
14
What is the greatest common factor of 15 and 501?
3
Calculate the greatest common factor of 32 and 56.
8
What is the highest common divisor of 55016 and 208?
104
What is the greatest common divisor of 2546 and 209?
19
What is the greatest common divisor of 3018 and 6?
6
Calculate the highest common factor of 817 and 95.
19
What is the highest common factor of 4 and 332?
4
What is the greatest common divisor of 3162 and 1326?
102
What is the highest common divisor of 22765 and 290?
145
Calculate the highest common factor of 148 and 19166.
74
What is the highest common factor of 10 and 14390?
10
Calculate the greatest common factor of 87 and 1769.
29
Calculate the greatest common factor of 4371 and 93.
93
What is the greatest common factor of 2116 and 1656?
92
Calculate the greatest common divisor of 6288 and 80.
16
What is the highest common factor of 11 and 803?
11
What is the highest common factor of 175 and 35?
35
Calculate the highest common factor of 177 and 4071.
177
Calculate the greatest common factor of 344 and 215.
43
What is the highest common factor of 518 and 154?
14
Calculate the highest common factor of 255 and 735.
15
Calculate the greatest common divisor of 14 and 238.
14
Calculate the highest common factor of 49 and 68600.
49
Calculate the greatest common divisor of 1012 and 276.
92
Calculate the greatest common divisor of 43 and 387.
43
What is the highest common factor of 56 and 39816?
56
Calculate the highest common divisor of 488 and 32.
8
Calculate the greatest common factor of 289 and 17.
17
Calculate the highest common divisor of 252 and 196.
28
Calculate the greatest common divisor of 132 and 902.
22
Calculate the greatest common factor of 5609 and 79.
79
What is the greatest common divisor of 5635 and 115?
115
Calculate the highest common factor of 11076 and 36.
12
What is the greatest common divisor of 3192 and 462?
42
Calculate the greatest common factor of 279 and 992.
31
What is the highest common divisor of 175 and 25?
25
Calculate the greatest common factor of 216 and 1134.
54
Calculate the highest common divisor of 87 and 2117.
29
Calculate the highest common factor of 27 and 81.
27
Calculate the highest common factor of 108 and 384.
12
Calculate the highest common factor of 86 and 4988.
86
What is the highest common divisor of 2077 and 335?
67
What is the greatest common factor of 20 and 15?
5
Calculate the highest common factor of 836 and 616.
44
What is the greatest common divisor of 68 and 20417?
17
Calculate the greatest common factor of 14 and 2.
2
What is the greatest common divisor of 372 and 12?
12
What is the greatest common divisor of 80 and 2030?
10
What is the highest common divisor of 1225 and 100?
25
Calculate the greatest common divisor of 304 and 112.
16
Calculate the highest common factor of 723 and 28438.
241
Calculate the greatest common divisor of 176 and 132.
44
What is the highest common factor of 484 and 88?
44
Calculate the highest common factor of 13129 and 38.
19
Calculate the greatest common factor of 529 and 69.
23
What is the greatest common factor of 975 and 57?
3
What is the highest common factor of 1938 and 3990?
114
Calculate the greatest common factor of 28492 and 68.
68
What is the greatest common factor of 6535 and 5?
5
What is the greatest common divisor of 104 and 39?
13
What is the highest common factor of 112 and 1064?
56
Calculate the highest common divisor of 37 and 592.
37
Calculate the highest common divisor of 16 and 24.
8
Calculate the greatest common divisor of 36 and 1818.
18
Wha